{"id":1603,"date":"2025-04-24T10:46:37","date_gmt":"2025-04-24T10:46:37","guid":{"rendered":"https:\/\/diekunststation.de\/?page_id=1603"},"modified":"2025-07-07T16:59:32","modified_gmt":"2025-07-07T16:59:32","slug":"verena-rossmaier","status":"publish","type":"page","link":"https:\/\/diekunststation.de\/index.php\/verena-rossmaier\/","title":{"rendered":"Verena Sofia Rossmaier"},"content":{"rendered":"\n<figure class=\"wp-block-image size-large is-resized\"><img decoding=\"async\" loading=\"lazy\" src=\"https:\/\/diekunststation.de\/wp-content\/uploads\/2025\/05\/DSC_3303-1024x877.jpg\" alt=\"\" class=\"wp-image-1770\" width=\"481\" height=\"412\" srcset=\"https:\/\/diekunststation.de\/wp-content\/uploads\/2025\/05\/DSC_3303-1024x877.jpg 1024w, https:\/\/diekunststation.de\/wp-content\/uploads\/2025\/05\/DSC_3303-300x257.jpg 300w, https:\/\/diekunststation.de\/wp-content\/uploads\/2025\/05\/DSC_3303-768x658.jpg 768w, https:\/\/diekunststation.de\/wp-content\/uploads\/2025\/05\/DSC_3303-1536x1316.jpg 1536w, https:\/\/diekunststation.de\/wp-content\/uploads\/2025\/05\/DSC_3303-676x579.jpg 676w, https:\/\/diekunststation.de\/wp-content\/uploads\/2025\/05\/DSC_3303.jpg 1738w\" sizes=\"(max-width: 481px) 100vw, 481px\" \/><\/figure>\n\n\n\n<p>Kontakt: &nbsp; v.rossmaier@web.de<\/p>\n\n\n\n<p>Instagram: verena.rossmaier<br>Website: www.vrossmaier.info<br><br><strong>VITA<\/strong><br><br>Schon immer hat mich Farbe ber\u00fchrt. Bei der Arbeit erlebe ich, wie die Farbe meine inneren R\u00e4ume \u00f6ffnet und Gef\u00fchle freilegt. Dabei erscheinen Dinge im neuen Licht. Ich arbeite mit Acryl auf Leinwand oder Papier, und Aquarell. Fig\u00fcrliches und abstraktes Wirken faszinieren mich gleicherma\u00dfen. Meine abstrakten Werke entstehen im Schaffensprozess, meist ohne Vorlage oder Idee, und sind intuitiv und emotional. Der menschlichen K\u00f6rper und Landschaften mit Motiven, eingebettet in Luft oder Wasser, flie\u00dfen in meinen gegenst\u00e4ndlichen Arbeiten mit Aquarell oder Acryl mit ein.<br><br>Derzeit besch\u00e4ftigt mich die Einzigartigkeit der Iris, die so individuell wie ein Fingerabdruck, beim genauen Hinsehen, Ausdruck der Seele sein kann. Die unterschiedlichen Strukturen und Farben bringe ich in abstrahierter Form auf die Leinwand. Dieses neue Herzens-Projekt, bestehend aus einer Serie von 24 Irisbildern, ist noch mitten im Entstehungsprozess.<br><br>Meine Kindheit verbrachte ich in Nigeria und Argentinien. Das Licht und die Intensit\u00e4t der Farben, sowie Kultur und Menschen, hinterlassen starke Eindr\u00fccke in mir. Ersten k\u00fcnstlerischen Einfl\u00fcssen von Jos\u00e9 Rueda, argentinischer K\u00fcnstler und Druckgrafiker, folgen ein Studium ohne Abschluss, an der argentinischen staatlich anerkannten Kunstakademie \u201eEscuela Nacional de Bellas Artes Prilidiano Pueyrred\u00f3n\u201c, die sp\u00e4ter Teil der Universidad Nacional de las Artes (Kunsthochschule) wird. 1989 der Umzug nach Bonn. Seit 1990 Kursbesuche unterschiedlicher Formate in Malerei, Aktzeichnen, Radierung und weitere Drucktechniken, T\u00f6pferei u.a. an der Uni Bonn und bei den K\u00fcnstlern: Kasue Hashimoto, Karin Neuefeind, Professor Thomas Egelkamp, Viviana Guasch, Victoria Westmacott-Wrede, Ruth Tauchert, Cornelia Genschow, Simone Sonia Albers, Lukas Thein, Anne von Hoyningen-Huene, Angelika Kehlenbach.<br><br>Seit 2025 Mitglied in der Ateliergemeinschaft \u201eDie Kunststation\u201c in Bonn.<br><br><strong>Ausstellungen:<\/strong><br><\/p>\n\n\n\n<p>2025 Teilnahme beim Wet Painting in K\u00f6nigswinter<\/p>\n\n\n\n<p>Teilnahme am Macke Viertel Fest<\/p>\n\n\n\n<p>2024 Teilnahme beim Wet painting in K\u00f6nigswinter,<\/p>\n\n\n\n<p>Werkschau: \u201eEin Jahr f\u00fcr die Kunst\u201c Aufbaukurs, Alanus Werkhaus, Alfter<\/p>\n\n\n\n<p>2024 Gruppenausstellung &#8222;Mittwochsmaler&#8220; im K\u00f6llenhof in Wachtberg<\/p>\n\n\n\n<p>2019 Artefact Ausstellung, Bonn<\/p>\n\n\n\n<p>2001 Artefact Winter-Austellung, Bonn<\/p>\n\n\n\n<p>1987 Gemeinschafts-Ausstellung staatliche anerkannte Kunstakademie in Buenos Aires<\/p>\n\n\n\n<p>1985 Gemeinschafts-Ausstellung, Deutsche Botschaft, Argentinien<\/p>\n\n\n\n<figure class=\"wp-block-gallery has-nested-images columns-default is-cropped wp-block-gallery-1 is-layout-flex\">\n<figure class=\"wp-block-image size-large\"><img decoding=\"async\" loading=\"lazy\" width=\"687\" height=\"1024\" data-id=\"1776\"  src=\"https:\/\/diekunststation.de\/wp-content\/uploads\/2025\/05\/20240307_121215-687x1024.jpg\" alt=\"\" class=\"wp-image-1776\" srcset=\"https:\/\/diekunststation.de\/wp-content\/uploads\/2025\/05\/20240307_121215-687x1024.jpg 687w, https:\/\/diekunststation.de\/wp-content\/uploads\/2025\/05\/20240307_121215-201x300.jpg 201w, https:\/\/diekunststation.de\/wp-content\/uploads\/2025\/05\/20240307_121215-768x1145.jpg 768w, https:\/\/diekunststation.de\/wp-content\/uploads\/2025\/05\/20240307_121215-1030x1536.jpg 1030w, https:\/\/diekunststation.de\/wp-content\/uploads\/2025\/05\/20240307_121215-1374x2048.jpg 1374w, https:\/\/diekunststation.de\/wp-content\/uploads\/2025\/05\/20240307_121215-676x1008.jpg 676w, https:\/\/diekunststation.de\/wp-content\/uploads\/2025\/05\/20240307_121215-scaled.jpg 1717w\" sizes=\"(max-width: 687px) 100vw, 687px\" \/><\/figure>\n\n\n\n<figure class=\"wp-block-image size-large\"><img decoding=\"async\" loading=\"lazy\" width=\"683\" height=\"1024\" data-id=\"1774\"  src=\"https:\/\/diekunststation.de\/wp-content\/uploads\/2025\/05\/20240503_203830-683x1024.jpg\" alt=\"\" class=\"wp-image-1774\" srcset=\"https:\/\/diekunststation.de\/wp-content\/uploads\/2025\/05\/20240503_203830-683x1024.jpg 683w, https:\/\/diekunststation.de\/wp-content\/uploads\/2025\/05\/20240503_203830-200x300.jpg 200w, https:\/\/diekunststation.de\/wp-content\/uploads\/2025\/05\/20240503_203830-768x1152.jpg 768w, https:\/\/diekunststation.de\/wp-content\/uploads\/2025\/05\/20240503_203830-1024x1536.jpg 1024w, https:\/\/diekunststation.de\/wp-content\/uploads\/2025\/05\/20240503_203830-1366x2048.jpg 1366w, https:\/\/diekunststation.de\/wp-content\/uploads\/2025\/05\/20240503_203830-676x1014.jpg 676w, https:\/\/diekunststation.de\/wp-content\/uploads\/2025\/05\/20240503_203830-scaled.jpg 1707w\" sizes=\"(max-width: 683px) 100vw, 683px\" \/><\/figure>\n\n\n\n<figure class=\"wp-block-image size-large\"><img decoding=\"async\" loading=\"lazy\" width=\"682\" height=\"1024\" data-id=\"1772\"  src=\"https:\/\/diekunststation.de\/wp-content\/uploads\/2025\/05\/20240307_121356-13-682x1024.jpg\" alt=\"\" class=\"wp-image-1772\" srcset=\"https:\/\/diekunststation.de\/wp-content\/uploads\/2025\/05\/20240307_121356-13-682x1024.jpg 682w, https:\/\/diekunststation.de\/wp-content\/uploads\/2025\/05\/20240307_121356-13-200x300.jpg 200w, https:\/\/diekunststation.de\/wp-content\/uploads\/2025\/05\/20240307_121356-13-768x1152.jpg 768w, https:\/\/diekunststation.de\/wp-content\/uploads\/2025\/05\/20240307_121356-13-1024x1536.jpg 1024w, https:\/\/diekunststation.de\/wp-content\/uploads\/2025\/05\/20240307_121356-13-676x1014.jpg 676w, https:\/\/diekunststation.de\/wp-content\/uploads\/2025\/05\/20240307_121356-13.jpg 1353w\" sizes=\"(max-width: 682px) 100vw, 682px\" \/><\/figure>\n\n\n\n<figure class=\"wp-block-image size-large\"><img decoding=\"async\" loading=\"lazy\" width=\"1024\" height=\"689\" data-id=\"1773\"  src=\"https:\/\/diekunststation.de\/wp-content\/uploads\/2025\/05\/20240307_121641-1024x689.jpg\" alt=\"\" class=\"wp-image-1773\" srcset=\"https:\/\/diekunststation.de\/wp-content\/uploads\/2025\/05\/20240307_121641-1024x689.jpg 1024w, https:\/\/diekunststation.de\/wp-content\/uploads\/2025\/05\/20240307_121641-300x202.jpg 300w, https:\/\/diekunststation.de\/wp-content\/uploads\/2025\/05\/20240307_121641-768x516.jpg 768w, https:\/\/diekunststation.de\/wp-content\/uploads\/2025\/05\/20240307_121641-1536x1033.jpg 1536w, https:\/\/diekunststation.de\/wp-content\/uploads\/2025\/05\/20240307_121641-2048x1377.jpg 2048w, https:\/\/diekunststation.de\/wp-content\/uploads\/2025\/05\/20240307_121641-676x455.jpg 676w\" sizes=\"(max-width: 1024px) 100vw, 1024px\" \/><\/figure>\n\n\n\n<figure class=\"wp-block-image size-large\"><img decoding=\"async\" loading=\"lazy\" width=\"756\" height=\"1024\" data-id=\"1775\"  src=\"https:\/\/diekunststation.de\/wp-content\/uploads\/2025\/05\/20250105_221009-756x1024.jpg\" alt=\"\" class=\"wp-image-1775\" srcset=\"https:\/\/diekunststation.de\/wp-content\/uploads\/2025\/05\/20250105_221009-756x1024.jpg 756w, https:\/\/diekunststation.de\/wp-content\/uploads\/2025\/05\/20250105_221009-222x300.jpg 222w, https:\/\/diekunststation.de\/wp-content\/uploads\/2025\/05\/20250105_221009-768x1040.jpg 768w, https:\/\/diekunststation.de\/wp-content\/uploads\/2025\/05\/20250105_221009-1134x1536.jpg 1134w, https:\/\/diekunststation.de\/wp-content\/uploads\/2025\/05\/20250105_221009-1513x2048.jpg 1513w, https:\/\/diekunststation.de\/wp-content\/uploads\/2025\/05\/20250105_221009-676x915.jpg 676w, https:\/\/diekunststation.de\/wp-content\/uploads\/2025\/05\/20250105_221009.jpg 1890w\" sizes=\"(max-width: 756px) 100vw, 756px\" \/><\/figure>\n<\/figure>\n\n\n\n<figure class=\"wp-block-gallery has-nested-images columns-default is-cropped wp-block-gallery-3 is-layout-flex\">\n<figure class=\"wp-block-image size-large\"><img decoding=\"async\" loading=\"lazy\" width=\"1024\" height=\"710\" data-id=\"1777\"  src=\"https:\/\/diekunststation.de\/wp-content\/uploads\/2025\/05\/IMG_20250113_165040_548-1024x710.jpg\" alt=\"\" class=\"wp-image-1777\" srcset=\"https:\/\/diekunststation.de\/wp-content\/uploads\/2025\/05\/IMG_20250113_165040_548-1024x710.jpg 1024w, https:\/\/diekunststation.de\/wp-content\/uploads\/2025\/05\/IMG_20250113_165040_548-300x208.jpg 300w, https:\/\/diekunststation.de\/wp-content\/uploads\/2025\/05\/IMG_20250113_165040_548-768x532.jpg 768w, https:\/\/diekunststation.de\/wp-content\/uploads\/2025\/05\/IMG_20250113_165040_548-1536x1065.jpg 1536w, https:\/\/diekunststation.de\/wp-content\/uploads\/2025\/05\/IMG_20250113_165040_548-2048x1419.jpg 2048w, https:\/\/diekunststation.de\/wp-content\/uploads\/2025\/05\/IMG_20250113_165040_548-676x469.jpg 676w\" sizes=\"(max-width: 1024px) 100vw, 1024px\" \/><\/figure>\n<\/figure>\n","protected":false},"excerpt":{"rendered":"<p>Kontakt: &nbsp; v.rossmaier@web.de Instagram: verena.rossmaierWebsite: www.vrossmaier.info VITA Schon immer hat mich Farbe ber\u00fchrt. Bei der Arbeit erlebe ich, wie die Farbe meine inneren R\u00e4ume \u00f6ffnet und Gef\u00fchle freilegt. Dabei erscheinen Dinge im neuen Licht. Ich arbeite mit Acryl auf Leinwand oder Papier, und Aquarell. Fig\u00fcrliches und abstraktes Wirken faszinieren mich gleicherma\u00dfen. Meine abstrakten Werke entstehen [&hellip;]<\/p>\n","protected":false},"author":1,"featured_media":0,"parent":0,"menu_order":0,"comment_status":"closed","ping_status":"closed","template":"template-nosidebar.php","meta":[],"_links":{"self":[{"href":"https:\/\/diekunststation.de\/index.php\/wp-json\/wp\/v2\/pages\/1603"}],"collection":[{"href":"https:\/\/diekunststation.de\/index.php\/wp-json\/wp\/v2\/pages"}],"about":[{"href":"https:\/\/diekunststation.de\/index.php\/wp-json\/wp\/v2\/types\/page"}],"author":[{"embeddable":true,"href":"https:\/\/diekunststation.de\/index.php\/wp-json\/wp\/v2\/users\/1"}],"replies":[{"embeddable":true,"href":"https:\/\/diekunststation.de\/index.php\/wp-json\/wp\/v2\/comments?post=1603"}],"version-history":[{"count":6,"href":"https:\/\/diekunststation.de\/index.php\/wp-json\/wp\/v2\/pages\/1603\/revisions"}],"predecessor-version":[{"id":1852,"href":"https:\/\/diekunststation.de\/index.php\/wp-json\/wp\/v2\/pages\/1603\/revisions\/1852"}],"wp:attachment":[{"href":"https:\/\/diekunststation.de\/index.php\/wp-json\/wp\/v2\/media?parent=1603"}],"curies":[{"name":"wp","href":"https:\/\/api.w.org\/{rel}","templated":true}]}}

<figure class="wp-block-image size-large is-resized"><img decoding="async" loading="lazy" src="https://diekunststation.de/wp-content/uploads/2025/05/DSC_3303-1024x877.jpg" alt="" class="wp-image-1770" width="481" height="412" srcset="https://diekunststation.de/wp-content/uploads/2025/05/DSC_3303-1024x877.jpg 1024w, https://diekunststation.de/wp-content/uploads/2025/05/DSC_3303-300x257.jpg 300w, https://diekunststation.de/wp-content/uploads/2025/05/DSC_3303-768x658.jpg 768w, https://diekunststation.de/wp-content/uploads/2025/05/DSC_3303-1536x1316.jpg 1536w, https://diekunststation.de/wp-content/uploads/2025/05/DSC_3303-676x579.jpg 676w, https://diekunststation.de/wp-content/uploads/2025/05/DSC_3303.jpg 1738w" sizes="(max-width: 481px) 100vw, 481px" /></figure>



<p>Kontakt: &nbsp; v.rossmaier@web.de</p>



<p>Instagram: verena.rossmaier<br>Website: www.vrossmaier.info<br><br><strong>VITA</strong><br><br>Schon immer hat mich Farbe berührt. Bei der Arbeit erlebe ich, wie die Farbe meine inneren Räume öffnet und Gefühle freilegt. Dabei erscheinen Dinge im neuen Licht. Ich arbeite mit Acryl auf Leinwand oder Papier, und Aquarell. Figürliches und abstraktes Wirken faszinieren mich gleichermaßen. Meine abstrakten Werke entstehen im Schaffensprozess, meist ohne Vorlage oder Idee, und sind intuitiv und emotional. Der menschlichen Körper und Landschaften mit Motiven, eingebettet in Luft oder Wasser, fließen in meinen gegenständlichen Arbeiten mit Aquarell oder Acryl mit ein.<br><br>Derzeit beschäftigt mich die Einzigartigkeit der Iris, die so individuell wie ein Fingerabdruck, beim genauen Hinsehen, Ausdruck der Seele sein kann. Die unterschiedlichen Strukturen und Farben bringe ich in abstrahierter Form auf die Leinwand. Dieses neue Herzens-Projekt, bestehend aus einer Serie von 24 Irisbildern, ist noch mitten im Entstehungsprozess.<br><br>Meine Kindheit verbrachte ich in Nigeria und Argentinien. Das Licht und die Intensität der Farben, sowie Kultur und Menschen, hinterlassen starke Eindrücke in mir. Ersten künstlerischen Einflüssen von José Rueda, argentinischer Künstler und Druckgrafiker, folgen ein Studium ohne Abschluss, an der argentinischen staatlich anerkannten Kunstakademie „Escuela Nacional de Bellas Artes Prilidiano Pueyrredón“, die später Teil der Universidad Nacional de las Artes (Kunsthochschule) wird. 1989 der Umzug nach Bonn. Seit 1990 Kursbesuche unterschiedlicher Formate in Malerei, Aktzeichnen, Radierung und weitere Drucktechniken, Töpferei u.a. an der Uni Bonn und bei den Künstlern: Kasue Hashimoto, Karin Neuefeind, Professor Thomas Egelkamp, Viviana Guasch, Victoria Westmacott-Wrede, Ruth Tauchert, Cornelia Genschow, Simone Sonia Albers, Lukas Thein, Anne von Hoyningen-Huene, Angelika Kehlenbach.<br><br>Seit 2025 Mitglied in der Ateliergemeinschaft „Die Kunststation“ in Bonn.<br><br><strong>Ausstellungen:</strong><br></p>



<p>2025 Teilnahme beim Wet Painting in Königswinter</p>



<p>Teilnahme am Macke Viertel Fest</p>



<p>2024 Teilnahme beim Wet painting in Königswinter,</p>



<p>Werkschau: „Ein Jahr für die Kunst“ Aufbaukurs, Alanus Werkhaus, Alfter</p>



<p>2024 Gruppenausstellung &#8222;Mittwochsmaler&#8220; im Köllenhof in Wachtberg</p>



<p>2019 Artefact Ausstellung, Bonn</p>



<p>2001 Artefact Winter-Austellung, Bonn</p>



<p>1987 Gemeinschafts-Ausstellung staatliche anerkannte Kunstakademie in Buenos Aires</p>



<p>1985 Gemeinschafts-Ausstellung, Deutsche Botschaft, Argentinien</p>



<figure class="wp-block-gallery has-nested-images columns-default is-cropped wp-block-gallery-1 is-layout-flex">
<figure class="wp-block-image size-large"><img decoding="async" loading="lazy" width="687" height="1024" data-id="1776"  src="https://diekunststation.de/wp-content/uploads/2025/05/20240307_121215-687x1024.jpg" alt="" class="wp-image-1776" srcset="https://diekunststation.de/wp-content/uploads/2025/05/20240307_121215-687x1024.jpg 687w, https://diekunststation.de/wp-content/uploads/2025/05/20240307_121215-201x300.jpg 201w, https://diekunststation.de/wp-content/uploads/2025/05/20240307_121215-768x1145.jpg 768w, https://diekunststation.de/wp-content/uploads/2025/05/20240307_121215-1030x1536.jpg 1030w, https://diekunststation.de/wp-content/uploads/2025/05/20240307_121215-1374x2048.jpg 1374w, https://diekunststation.de/wp-content/uploads/2025/05/20240307_121215-676x1008.jpg 676w, https://diekunststation.de/wp-content/uploads/2025/05/20240307_121215-scaled.jpg 1717w" sizes="(max-width: 687px) 100vw, 687px" /></figure>



<figure class="wp-block-image size-large"><img decoding="async" loading="lazy" width="683" height="1024" data-id="1774"  src="https://diekunststation.de/wp-content/uploads/2025/05/20240503_203830-683x1024.jpg" alt="" class="wp-image-1774" srcset="https://diekunststation.de/wp-content/uploads/2025/05/20240503_203830-683x1024.jpg 683w, https://diekunststation.de/wp-content/uploads/2025/05/20240503_203830-200x300.jpg 200w, https://diekunststation.de/wp-content/uploads/2025/05/20240503_203830-768x1152.jpg 768w, https://diekunststation.de/wp-content/uploads/2025/05/20240503_203830-1024x1536.jpg 1024w, https://diekunststation.de/wp-content/uploads/2025/05/20240503_203830-1366x2048.jpg 1366w, https://diekunststation.de/wp-content/uploads/2025/05/20240503_203830-676x1014.jpg 676w, https://diekunststation.de/wp-content/uploads/2025/05/20240503_203830-scaled.jpg 1707w" sizes="(max-width: 683px) 100vw, 683px" /></figure>



<figure class="wp-block-image size-large"><img decoding="async" loading="lazy" width="682" height="1024" data-id="1772"  src="https://diekunststation.de/wp-content/uploads/2025/05/20240307_121356-13-682x1024.jpg" alt="" class="wp-image-1772" srcset="https://diekunststation.de/wp-content/uploads/2025/05/20240307_121356-13-682x1024.jpg 682w, https://diekunststation.de/wp-content/uploads/2025/05/20240307_121356-13-200x300.jpg 200w, https://diekunststation.de/wp-content/uploads/2025/05/20240307_121356-13-768x1152.jpg 768w, https://diekunststation.de/wp-content/uploads/2025/05/20240307_121356-13-1024x1536.jpg 1024w, https://diekunststation.de/wp-content/uploads/2025/05/20240307_121356-13-676x1014.jpg 676w, https://diekunststation.de/wp-content/uploads/2025/05/20240307_121356-13.jpg 1353w" sizes="(max-width: 682px) 100vw, 682px" /></figure>



<figure class="wp-block-image size-large"><img decoding="async" loading="lazy" width="1024" height="689" data-id="1773"  src="https://diekunststation.de/wp-content/uploads/2025/05/20240307_121641-1024x689.jpg" alt="" class="wp-image-1773" srcset="https://diekunststation.de/wp-content/uploads/2025/05/20240307_121641-1024x689.jpg 1024w, https://diekunststation.de/wp-content/uploads/2025/05/20240307_121641-300x202.jpg 300w, https://diekunststation.de/wp-content/uploads/2025/05/20240307_121641-768x516.jpg 768w, https://diekunststation.de/wp-content/uploads/2025/05/20240307_121641-1536x1033.jpg 1536w, https://diekunststation.de/wp-content/uploads/2025/05/20240307_121641-2048x1377.jpg 2048w, https://diekunststation.de/wp-content/uploads/2025/05/20240307_121641-676x455.jpg 676w" sizes="(max-width: 1024px) 100vw, 1024px" /></figure>



<figure class="wp-block-image size-large"><img decoding="async" loading="lazy" width="756" height="1024" data-id="1775"  src="https://diekunststation.de/wp-content/uploads/2025/05/20250105_221009-756x1024.jpg" alt="" class="wp-image-1775" srcset="https://diekunststation.de/wp-content/uploads/2025/05/20250105_221009-756x1024.jpg 756w, https://diekunststation.de/wp-content/uploads/2025/05/20250105_221009-222x300.jpg 222w, https://diekunststation.de/wp-content/uploads/2025/05/20250105_221009-768x1040.jpg 768w, https://diekunststation.de/wp-content/uploads/2025/05/20250105_221009-1134x1536.jpg 1134w, https://diekunststation.de/wp-content/uploads/2025/05/20250105_221009-1513x2048.jpg 1513w, https://diekunststation.de/wp-content/uploads/2025/05/20250105_221009-676x915.jpg 676w, https://diekunststation.de/wp-content/uploads/2025/05/20250105_221009.jpg 1890w" sizes="(max-width: 756px) 100vw, 756px" /></figure>
</figure>



<figure class="wp-block-gallery has-nested-images columns-default is-cropped wp-block-gallery-3 is-layout-flex">
<figure class="wp-block-image size-large"><img decoding="async" loading="lazy" width="1024" height="710" data-id="1777"  src="https://diekunststation.de/wp-content/uploads/2025/05/IMG_20250113_165040_548-1024x710.jpg" alt="" class="wp-image-1777" srcset="https://diekunststation.de/wp-content/uploads/2025/05/IMG_20250113_165040_548-1024x710.jpg 1024w, https://diekunststation.de/wp-content/uploads/2025/05/IMG_20250113_165040_548-300x208.jpg 300w, https://diekunststation.de/wp-content/uploads/2025/05/IMG_20250113_165040_548-768x532.jpg 768w, https://diekunststation.de/wp-content/uploads/2025/05/IMG_20250113_165040_548-1536x1065.jpg 1536w, https://diekunststation.de/wp-content/uploads/2025/05/IMG_20250113_165040_548-2048x1419.jpg 2048w, https://diekunststation.de/wp-content/uploads/2025/05/IMG_20250113_165040_548-676x469.jpg 676w" sizes="(max-width: 1024px) 100vw, 1024px" /></figure>
</figure>

<p>Kontakt: &nbsp; v.rossmaier@web.de Instagram: verena.rossmaierWebsite: www.vrossmaier.info VITA Schon immer hat mich Farbe berührt. Bei der Arbeit erlebe ich, wie die Farbe meine inneren Räume öffnet und Gefühle freilegt. Dabei erscheinen Dinge im neuen Licht. Ich arbeite mit Acryl auf Leinwand oder Papier, und Aquarell. Figürliches und abstraktes Wirken faszinieren mich gleichermaßen. Meine abstrakten Werke entstehen [&hellip;]</p>
