{"id":1105,"date":"2021-12-28T15:51:08","date_gmt":"2021-12-28T15:51:08","guid":{"rendered":"http:\/\/diekunststation.de\/?page_id=1105"},"modified":"2025-05-09T06:44:17","modified_gmt":"2025-05-09T06:44:17","slug":"gudrun-wegener","status":"publish","type":"page","link":"https:\/\/diekunststation.de\/index.php\/gudrun-wegener\/","title":{"rendered":"Gudrun Wegener"},"content":{"rendered":"\n<figure class=\"wp-block-image size-large is-resized\"><img decoding=\"async\" loading=\"lazy\" src=\"https:\/\/diekunststation.de\/wp-content\/uploads\/2025\/05\/IMG_20191017_144430_edited-1024x827.jpeg\" alt=\"\" class=\"wp-image-1760\" width=\"387\" height=\"312\" srcset=\"https:\/\/diekunststation.de\/wp-content\/uploads\/2025\/05\/IMG_20191017_144430_edited-1024x827.jpeg 1024w, https:\/\/diekunststation.de\/wp-content\/uploads\/2025\/05\/IMG_20191017_144430_edited-300x242.jpeg 300w, https:\/\/diekunststation.de\/wp-content\/uploads\/2025\/05\/IMG_20191017_144430_edited-768x620.jpeg 768w, https:\/\/diekunststation.de\/wp-content\/uploads\/2025\/05\/IMG_20191017_144430_edited-1536x1240.jpeg 1536w, https:\/\/diekunststation.de\/wp-content\/uploads\/2025\/05\/IMG_20191017_144430_edited-2048x1654.jpeg 2048w, https:\/\/diekunststation.de\/wp-content\/uploads\/2025\/05\/IMG_20191017_144430_edited-676x546.jpeg 676w\" sizes=\"(max-width: 387px) 100vw, 387px\" \/><\/figure>\n\n\n\n<p>Kontakt:<\/p>\n\n\n\n<p>gudrun.wegener@t-online.de<\/p>\n\n\n\n<p>Instagram: #gu.wegener<\/p>\n\n\n\n<p>Meine Arbeiten der letzten Jahre sind \u00fcberwiegend abstrakt oder abstrahierend; mich besch\u00e4ftigen Kompositionen, die Farben, Fl\u00e4chen, Linien und Ebenen im Bild in ein hoffentlich spannendes Miteinander bringen &#8211; immer mit dem Ziel etwas schaffen, das die Seele erfreut. Die kleineren Papierarbeiten sind oft von der Natur inspiriert. <\/p>\n\n\n\n<p>Ich arbeite \u00fcberwiegend mit Acryl, aber auch im Bereich Mixed Media.<\/p>\n\n\n\n<p>Choreografin, Regisseurin, Tanzp\u00e4dagogin und Performerin, seit 2012 in der Bildenden Kunst unterwegs. Seit 2021, nach Beendigung meiner T\u00e4tigkeit in der darstellenden Kunst, Mitglied in der Kunststation.<\/p>\n\n\n\n<p>Weiterbildung in der Bildenden Kunst in Seminaren und Workshops &#8211; im&nbsp;<em>Alanus Werkhaus&nbsp;<\/em>(u.a. Teilnahme bei: \u201e1 Jahr f\u00fcr die Kunst\u201c), in der&nbsp;<em>Freien Kunstakademie arte fact<\/em>&nbsp;,in der&nbsp;<em>Freien Kunstakademie Gerlingen&nbsp;<\/em>und in der<em>&nbsp;Fabrik am See, Gaienhofen&nbsp;<\/em>und bei der&nbsp;<em>VHS Bonn<\/em>.<\/p>\n\n\n\n<p>&#8211; Teilnahme an der Werkschau der Freien Kunstakademie Gerlingen 2022<\/p>\n\n\n\n<p>&#8211;&nbsp; Atelierausstellungen im Gemeinschaftsatelier dieKunststation bei den Offenen Ateliers in der Altstadt und beim Mackeviertelfest 2022 &#8211; 2025<\/p>\n\n\n\n<p>&#8211;&nbsp; Teilnahme an der Freiluftgalerie Rh\u00f6ndorf, 2024<\/p>\n\n\n\n<p>&#8211;&nbsp; Teilnahme an der 31. Kunstausstellung Beueler K\u00fcnstlerInnen im Beueler Rathaus, 2024<\/p>\n\n\n\n<p>&#8211;&nbsp; Zwei Gemeinschaftsausstellungen mit B.Leukers und K.Schulenkorf, &#8222;AugenBlickMal&#8220; in der Fabrik 45, 2024 und &#8222;Bei Licht betrachtet&#8220; in der Gesellschaft f\u00fcr Internationale Zusammenarbeit \u2013 GIZ, 2025<\/p>\n\n\n\n<p><\/p>\n\n\n\n<figure class=\"wp-block-gallery has-nested-images columns-default is-cropped wp-block-gallery-1 is-layout-flex\">\n<figure class=\"wp-block-image size-large\"><img decoding=\"async\" loading=\"lazy\" width=\"1001\" height=\"1024\" data-id=\"1756\"  src=\"https:\/\/diekunststation.de\/wp-content\/uploads\/2025\/05\/01_IMG_20240905_224455-1-1001x1024.jpg\" alt=\"\" class=\"wp-image-1756\" srcset=\"https:\/\/diekunststation.de\/wp-content\/uploads\/2025\/05\/01_IMG_20240905_224455-1-1001x1024.jpg 1001w, https:\/\/diekunststation.de\/wp-content\/uploads\/2025\/05\/01_IMG_20240905_224455-1-293x300.jpg 293w, https:\/\/diekunststation.de\/wp-content\/uploads\/2025\/05\/01_IMG_20240905_224455-1-768x786.jpg 768w, https:\/\/diekunststation.de\/wp-content\/uploads\/2025\/05\/01_IMG_20240905_224455-1-1501x1536.jpg 1501w, https:\/\/diekunststation.de\/wp-content\/uploads\/2025\/05\/01_IMG_20240905_224455-1-676x692.jpg 676w, https:\/\/diekunststation.de\/wp-content\/uploads\/2025\/05\/01_IMG_20240905_224455-1.jpg 1902w\" sizes=\"(max-width: 1001px) 100vw, 1001px\" \/><\/figure>\n\n\n\n<figure class=\"wp-block-image size-large\"><img decoding=\"async\" loading=\"lazy\" width=\"1024\" height=\"1024\" data-id=\"1755\"  src=\"https:\/\/diekunststation.de\/wp-content\/uploads\/2025\/05\/07_IMG_20220505_102637_971-1-1024x1024.jpg\" alt=\"\" class=\"wp-image-1755\" srcset=\"https:\/\/diekunststation.de\/wp-content\/uploads\/2025\/05\/07_IMG_20220505_102637_971-1-1024x1024.jpg 1024w, https:\/\/diekunststation.de\/wp-content\/uploads\/2025\/05\/07_IMG_20220505_102637_971-1-300x300.jpg 300w, https:\/\/diekunststation.de\/wp-content\/uploads\/2025\/05\/07_IMG_20220505_102637_971-1-150x150.jpg 150w, https:\/\/diekunststation.de\/wp-content\/uploads\/2025\/05\/07_IMG_20220505_102637_971-1-768x768.jpg 768w, https:\/\/diekunststation.de\/wp-content\/uploads\/2025\/05\/07_IMG_20220505_102637_971-1-1536x1536.jpg 1536w, https:\/\/diekunststation.de\/wp-content\/uploads\/2025\/05\/07_IMG_20220505_102637_971-1-676x676.jpg 676w, https:\/\/diekunststation.de\/wp-content\/uploads\/2025\/05\/07_IMG_20220505_102637_971-1.jpg 1808w\" sizes=\"(max-width: 1024px) 100vw, 1024px\" \/><\/figure>\n<\/figure>\n\n\n\n<figure class=\"wp-block-gallery has-nested-images columns-default is-cropped wp-block-gallery-3 is-layout-flex\">\n<figure class=\"wp-block-image size-large\"><img decoding=\"async\" loading=\"lazy\" width=\"1024\" height=\"997\" data-id=\"1749\"  src=\"https:\/\/diekunststation.de\/wp-content\/uploads\/2025\/05\/07_IMG_20230731_182147-1024x997.jpg\" alt=\"\" class=\"wp-image-1749\" srcset=\"https:\/\/diekunststation.de\/wp-content\/uploads\/2025\/05\/07_IMG_20230731_182147-1024x997.jpg 1024w, https:\/\/diekunststation.de\/wp-content\/uploads\/2025\/05\/07_IMG_20230731_182147-300x292.jpg 300w, https:\/\/diekunststation.de\/wp-content\/uploads\/2025\/05\/07_IMG_20230731_182147-768x748.jpg 768w, https:\/\/diekunststation.de\/wp-content\/uploads\/2025\/05\/07_IMG_20230731_182147-1536x1495.jpg 1536w, https:\/\/diekunststation.de\/wp-content\/uploads\/2025\/05\/07_IMG_20230731_182147-676x658.jpg 676w, https:\/\/diekunststation.de\/wp-content\/uploads\/2025\/05\/07_IMG_20230731_182147.jpg 1780w\" sizes=\"(max-width: 1024px) 100vw, 1024px\" \/><\/figure>\n\n\n\n<figure class=\"wp-block-image size-large\"><img decoding=\"async\" loading=\"lazy\" width=\"1022\" height=\"1024\" data-id=\"1746\"  src=\"https:\/\/diekunststation.de\/wp-content\/uploads\/2025\/05\/05_IMG_20240818_155955-1022x1024.jpg\" alt=\"\" class=\"wp-image-1746\" srcset=\"https:\/\/diekunststation.de\/wp-content\/uploads\/2025\/05\/05_IMG_20240818_155955-1022x1024.jpg 1022w, https:\/\/diekunststation.de\/wp-content\/uploads\/2025\/05\/05_IMG_20240818_155955-300x300.jpg 300w, https:\/\/diekunststation.de\/wp-content\/uploads\/2025\/05\/05_IMG_20240818_155955-150x150.jpg 150w, https:\/\/diekunststation.de\/wp-content\/uploads\/2025\/05\/05_IMG_20240818_155955-768x770.jpg 768w, https:\/\/diekunststation.de\/wp-content\/uploads\/2025\/05\/05_IMG_20240818_155955-1533x1536.jpg 1533w, https:\/\/diekunststation.de\/wp-content\/uploads\/2025\/05\/05_IMG_20240818_155955-676x678.jpg 676w, https:\/\/diekunststation.de\/wp-content\/uploads\/2025\/05\/05_IMG_20240818_155955.jpg 1782w\" sizes=\"(max-width: 1022px) 100vw, 1022px\" \/><\/figure>\n\n\n\n<figure class=\"wp-block-image size-large\"><img decoding=\"async\" loading=\"lazy\" width=\"1024\" height=\"1014\" data-id=\"1748\"  src=\"https:\/\/diekunststation.de\/wp-content\/uploads\/2025\/05\/02_IMG_20250326_130350-1024x1014.jpg\" alt=\"\" class=\"wp-image-1748\" srcset=\"https:\/\/diekunststation.de\/wp-content\/uploads\/2025\/05\/02_IMG_20250326_130350-1024x1014.jpg 1024w, https:\/\/diekunststation.de\/wp-content\/uploads\/2025\/05\/02_IMG_20250326_130350-300x297.jpg 300w, https:\/\/diekunststation.de\/wp-content\/uploads\/2025\/05\/02_IMG_20250326_130350-150x150.jpg 150w, https:\/\/diekunststation.de\/wp-content\/uploads\/2025\/05\/02_IMG_20250326_130350-768x761.jpg 768w, https:\/\/diekunststation.de\/wp-content\/uploads\/2025\/05\/02_IMG_20250326_130350-1536x1521.jpg 1536w, https:\/\/diekunststation.de\/wp-content\/uploads\/2025\/05\/02_IMG_20250326_130350-676x670.jpg 676w, https:\/\/diekunststation.de\/wp-content\/uploads\/2025\/05\/02_IMG_20250326_130350.jpg 1978w\" sizes=\"(max-width: 1024px) 100vw, 1024px\" \/><\/figure>\n<\/figure>\n\n\n\n<figure class=\"wp-block-gallery has-nested-images columns-default is-cropped wp-block-gallery-5 is-layout-flex\">\n<figure class=\"wp-block-image size-large\"><img decoding=\"async\" loading=\"lazy\" width=\"1024\" height=\"1019\" data-id=\"1758\"  src=\"https:\/\/diekunststation.de\/wp-content\/uploads\/2025\/05\/04_IMG_20240627_234147-1-1024x1019.jpg\" alt=\"\" class=\"wp-image-1758\" srcset=\"https:\/\/diekunststation.de\/wp-content\/uploads\/2025\/05\/04_IMG_20240627_234147-1-1024x1019.jpg 1024w, https:\/\/diekunststation.de\/wp-content\/uploads\/2025\/05\/04_IMG_20240627_234147-1-300x300.jpg 300w, https:\/\/diekunststation.de\/wp-content\/uploads\/2025\/05\/04_IMG_20240627_234147-1-150x150.jpg 150w, https:\/\/diekunststation.de\/wp-content\/uploads\/2025\/05\/04_IMG_20240627_234147-1-768x764.jpg 768w, https:\/\/diekunststation.de\/wp-content\/uploads\/2025\/05\/04_IMG_20240627_234147-1-1536x1529.jpg 1536w, https:\/\/diekunststation.de\/wp-content\/uploads\/2025\/05\/04_IMG_20240627_234147-1-676x673.jpg 676w, https:\/\/diekunststation.de\/wp-content\/uploads\/2025\/05\/04_IMG_20240627_234147-1.jpg 1854w\" sizes=\"(max-width: 1024px) 100vw, 1024px\" \/><\/figure>\n\n\n\n<figure class=\"wp-block-image size-large\"><img decoding=\"async\" loading=\"lazy\" width=\"1024\" height=\"1016\" data-id=\"1757\"  src=\"https:\/\/diekunststation.de\/wp-content\/uploads\/2025\/05\/06_IMG_20230512_172225_120-1-1024x1016.jpg\" alt=\"\" class=\"wp-image-1757\" srcset=\"https:\/\/diekunststation.de\/wp-content\/uploads\/2025\/05\/06_IMG_20230512_172225_120-1-1024x1016.jpg 1024w, https:\/\/diekunststation.de\/wp-content\/uploads\/2025\/05\/06_IMG_20230512_172225_120-1-300x298.jpg 300w, https:\/\/diekunststation.de\/wp-content\/uploads\/2025\/05\/06_IMG_20230512_172225_120-1-150x150.jpg 150w, https:\/\/diekunststation.de\/wp-content\/uploads\/2025\/05\/06_IMG_20230512_172225_120-1-768x762.jpg 768w, https:\/\/diekunststation.de\/wp-content\/uploads\/2025\/05\/06_IMG_20230512_172225_120-1-1536x1524.jpg 1536w, https:\/\/diekunststation.de\/wp-content\/uploads\/2025\/05\/06_IMG_20230512_172225_120-1-676x671.jpg 676w, https:\/\/diekunststation.de\/wp-content\/uploads\/2025\/05\/06_IMG_20230512_172225_120-1.jpg 1780w\" sizes=\"(max-width: 1024px) 100vw, 1024px\" \/><\/figure>\n<\/figure>\n","protected":false},"excerpt":{"rendered":"<p>Kontakt: gudrun.wegener@t-online.de Instagram: #gu.wegener Meine Arbeiten der letzten Jahre sind \u00fcberwiegend abstrakt oder abstrahierend; mich besch\u00e4ftigen Kompositionen, die Farben, Fl\u00e4chen, Linien und Ebenen im Bild in ein hoffentlich spannendes Miteinander bringen &#8211; immer mit dem Ziel etwas schaffen, das die Seele erfreut. Die kleineren Papierarbeiten sind oft von der Natur inspiriert. Ich arbeite \u00fcberwiegend mit [&hellip;]<\/p>\n","protected":false},"author":1,"featured_media":0,"parent":0,"menu_order":5,"comment_status":"closed","ping_status":"closed","template":"template-fullwidth.php","meta":[],"_links":{"self":[{"href":"https:\/\/diekunststation.de\/index.php\/wp-json\/wp\/v2\/pages\/1105"}],"collection":[{"href":"https:\/\/diekunststation.de\/index.php\/wp-json\/wp\/v2\/pages"}],"about":[{"href":"https:\/\/diekunststation.de\/index.php\/wp-json\/wp\/v2\/types\/page"}],"author":[{"embeddable":true,"href":"https:\/\/diekunststation.de\/index.php\/wp-json\/wp\/v2\/users\/1"}],"replies":[{"embeddable":true,"href":"https:\/\/diekunststation.de\/index.php\/wp-json\/wp\/v2\/comments?post=1105"}],"version-history":[{"count":14,"href":"https:\/\/diekunststation.de\/index.php\/wp-json\/wp\/v2\/pages\/1105\/revisions"}],"predecessor-version":[{"id":1786,"href":"https:\/\/diekunststation.de\/index.php\/wp-json\/wp\/v2\/pages\/1105\/revisions\/1786"}],"wp:attachment":[{"href":"https:\/\/diekunststation.de\/index.php\/wp-json\/wp\/v2\/media?parent=1105"}],"curies":[{"name":"wp","href":"https:\/\/api.w.org\/{rel}","templated":true}]}}

<figure class="wp-block-image size-large is-resized"><img decoding="async" loading="lazy" src="https://diekunststation.de/wp-content/uploads/2025/05/IMG_20191017_144430_edited-1024x827.jpeg" alt="" class="wp-image-1760" width="387" height="312" srcset="https://diekunststation.de/wp-content/uploads/2025/05/IMG_20191017_144430_edited-1024x827.jpeg 1024w, https://diekunststation.de/wp-content/uploads/2025/05/IMG_20191017_144430_edited-300x242.jpeg 300w, https://diekunststation.de/wp-content/uploads/2025/05/IMG_20191017_144430_edited-768x620.jpeg 768w, https://diekunststation.de/wp-content/uploads/2025/05/IMG_20191017_144430_edited-1536x1240.jpeg 1536w, https://diekunststation.de/wp-content/uploads/2025/05/IMG_20191017_144430_edited-2048x1654.jpeg 2048w, https://diekunststation.de/wp-content/uploads/2025/05/IMG_20191017_144430_edited-676x546.jpeg 676w" sizes="(max-width: 387px) 100vw, 387px" /></figure>



<p>Kontakt:</p>



<p>gudrun.wegener@t-online.de</p>



<p>Instagram: #gu.wegener</p>



<p>Meine Arbeiten der letzten Jahre sind überwiegend abstrakt oder abstrahierend; mich beschäftigen Kompositionen, die Farben, Flächen, Linien und Ebenen im Bild in ein hoffentlich spannendes Miteinander bringen &#8211; immer mit dem Ziel etwas schaffen, das die Seele erfreut. Die kleineren Papierarbeiten sind oft von der Natur inspiriert. </p>



<p>Ich arbeite überwiegend mit Acryl, aber auch im Bereich Mixed Media.</p>



<p>Choreografin, Regisseurin, Tanzpädagogin und Performerin, seit 2012 in der Bildenden Kunst unterwegs. Seit 2021, nach Beendigung meiner Tätigkeit in der darstellenden Kunst, Mitglied in der Kunststation.</p>



<p>Weiterbildung in der Bildenden Kunst in Seminaren und Workshops &#8211; im&nbsp;<em>Alanus Werkhaus&nbsp;</em>(u.a. Teilnahme bei: „1 Jahr für die Kunst“), in der&nbsp;<em>Freien Kunstakademie arte fact</em>&nbsp;,in der&nbsp;<em>Freien Kunstakademie Gerlingen&nbsp;</em>und in der<em>&nbsp;Fabrik am See, Gaienhofen&nbsp;</em>und bei der&nbsp;<em>VHS Bonn</em>.</p>



<p>&#8211; Teilnahme an der Werkschau der Freien Kunstakademie Gerlingen 2022</p>



<p>&#8211;&nbsp; Atelierausstellungen im Gemeinschaftsatelier dieKunststation bei den Offenen Ateliers in der Altstadt und beim Mackeviertelfest 2022 &#8211; 2025</p>



<p>&#8211;&nbsp; Teilnahme an der Freiluftgalerie Rhöndorf, 2024</p>



<p>&#8211;&nbsp; Teilnahme an der 31. Kunstausstellung Beueler KünstlerInnen im Beueler Rathaus, 2024</p>



<p>&#8211;&nbsp; Zwei Gemeinschaftsausstellungen mit B.Leukers und K.Schulenkorf, &#8222;AugenBlickMal&#8220; in der Fabrik 45, 2024 und &#8222;Bei Licht betrachtet&#8220; in der Gesellschaft für Internationale Zusammenarbeit – GIZ, 2025</p>



<p></p>



<figure class="wp-block-gallery has-nested-images columns-default is-cropped wp-block-gallery-1 is-layout-flex">
<figure class="wp-block-image size-large"><img decoding="async" loading="lazy" width="1001" height="1024" data-id="1756"  src="https://diekunststation.de/wp-content/uploads/2025/05/01_IMG_20240905_224455-1-1001x1024.jpg" alt="" class="wp-image-1756" srcset="https://diekunststation.de/wp-content/uploads/2025/05/01_IMG_20240905_224455-1-1001x1024.jpg 1001w, https://diekunststation.de/wp-content/uploads/2025/05/01_IMG_20240905_224455-1-293x300.jpg 293w, https://diekunststation.de/wp-content/uploads/2025/05/01_IMG_20240905_224455-1-768x786.jpg 768w, https://diekunststation.de/wp-content/uploads/2025/05/01_IMG_20240905_224455-1-1501x1536.jpg 1501w, https://diekunststation.de/wp-content/uploads/2025/05/01_IMG_20240905_224455-1-676x692.jpg 676w, https://diekunststation.de/wp-content/uploads/2025/05/01_IMG_20240905_224455-1.jpg 1902w" sizes="(max-width: 1001px) 100vw, 1001px" /></figure>



<figure class="wp-block-image size-large"><img decoding="async" loading="lazy" width="1024" height="1024" data-id="1755"  src="https://diekunststation.de/wp-content/uploads/2025/05/07_IMG_20220505_102637_971-1-1024x1024.jpg" alt="" class="wp-image-1755" srcset="https://diekunststation.de/wp-content/uploads/2025/05/07_IMG_20220505_102637_971-1-1024x1024.jpg 1024w, https://diekunststation.de/wp-content/uploads/2025/05/07_IMG_20220505_102637_971-1-300x300.jpg 300w, https://diekunststation.de/wp-content/uploads/2025/05/07_IMG_20220505_102637_971-1-150x150.jpg 150w, https://diekunststation.de/wp-content/uploads/2025/05/07_IMG_20220505_102637_971-1-768x768.jpg 768w, https://diekunststation.de/wp-content/uploads/2025/05/07_IMG_20220505_102637_971-1-1536x1536.jpg 1536w, https://diekunststation.de/wp-content/uploads/2025/05/07_IMG_20220505_102637_971-1-676x676.jpg 676w, https://diekunststation.de/wp-content/uploads/2025/05/07_IMG_20220505_102637_971-1.jpg 1808w" sizes="(max-width: 1024px) 100vw, 1024px" /></figure>
</figure>



<figure class="wp-block-gallery has-nested-images columns-default is-cropped wp-block-gallery-3 is-layout-flex">
<figure class="wp-block-image size-large"><img decoding="async" loading="lazy" width="1024" height="997" data-id="1749"  src="https://diekunststation.de/wp-content/uploads/2025/05/07_IMG_20230731_182147-1024x997.jpg" alt="" class="wp-image-1749" srcset="https://diekunststation.de/wp-content/uploads/2025/05/07_IMG_20230731_182147-1024x997.jpg 1024w, https://diekunststation.de/wp-content/uploads/2025/05/07_IMG_20230731_182147-300x292.jpg 300w, https://diekunststation.de/wp-content/uploads/2025/05/07_IMG_20230731_182147-768x748.jpg 768w, https://diekunststation.de/wp-content/uploads/2025/05/07_IMG_20230731_182147-1536x1495.jpg 1536w, https://diekunststation.de/wp-content/uploads/2025/05/07_IMG_20230731_182147-676x658.jpg 676w, https://diekunststation.de/wp-content/uploads/2025/05/07_IMG_20230731_182147.jpg 1780w" sizes="(max-width: 1024px) 100vw, 1024px" /></figure>



<figure class="wp-block-image size-large"><img decoding="async" loading="lazy" width="1022" height="1024" data-id="1746"  src="https://diekunststation.de/wp-content/uploads/2025/05/05_IMG_20240818_155955-1022x1024.jpg" alt="" class="wp-image-1746" srcset="https://diekunststation.de/wp-content/uploads/2025/05/05_IMG_20240818_155955-1022x1024.jpg 1022w, https://diekunststation.de/wp-content/uploads/2025/05/05_IMG_20240818_155955-300x300.jpg 300w, https://diekunststation.de/wp-content/uploads/2025/05/05_IMG_20240818_155955-150x150.jpg 150w, https://diekunststation.de/wp-content/uploads/2025/05/05_IMG_20240818_155955-768x770.jpg 768w, https://diekunststation.de/wp-content/uploads/2025/05/05_IMG_20240818_155955-1533x1536.jpg 1533w, https://diekunststation.de/wp-content/uploads/2025/05/05_IMG_20240818_155955-676x678.jpg 676w, https://diekunststation.de/wp-content/uploads/2025/05/05_IMG_20240818_155955.jpg 1782w" sizes="(max-width: 1022px) 100vw, 1022px" /></figure>



<figure class="wp-block-image size-large"><img decoding="async" loading="lazy" width="1024" height="1014" data-id="1748"  src="https://diekunststation.de/wp-content/uploads/2025/05/02_IMG_20250326_130350-1024x1014.jpg" alt="" class="wp-image-1748" srcset="https://diekunststation.de/wp-content/uploads/2025/05/02_IMG_20250326_130350-1024x1014.jpg 1024w, https://diekunststation.de/wp-content/uploads/2025/05/02_IMG_20250326_130350-300x297.jpg 300w, https://diekunststation.de/wp-content/uploads/2025/05/02_IMG_20250326_130350-150x150.jpg 150w, https://diekunststation.de/wp-content/uploads/2025/05/02_IMG_20250326_130350-768x761.jpg 768w, https://diekunststation.de/wp-content/uploads/2025/05/02_IMG_20250326_130350-1536x1521.jpg 1536w, https://diekunststation.de/wp-content/uploads/2025/05/02_IMG_20250326_130350-676x670.jpg 676w, https://diekunststation.de/wp-content/uploads/2025/05/02_IMG_20250326_130350.jpg 1978w" sizes="(max-width: 1024px) 100vw, 1024px" /></figure>
</figure>



<figure class="wp-block-gallery has-nested-images columns-default is-cropped wp-block-gallery-5 is-layout-flex">
<figure class="wp-block-image size-large"><img decoding="async" loading="lazy" width="1024" height="1019" data-id="1758"  src="https://diekunststation.de/wp-content/uploads/2025/05/04_IMG_20240627_234147-1-1024x1019.jpg" alt="" class="wp-image-1758" srcset="https://diekunststation.de/wp-content/uploads/2025/05/04_IMG_20240627_234147-1-1024x1019.jpg 1024w, https://diekunststation.de/wp-content/uploads/2025/05/04_IMG_20240627_234147-1-300x300.jpg 300w, https://diekunststation.de/wp-content/uploads/2025/05/04_IMG_20240627_234147-1-150x150.jpg 150w, https://diekunststation.de/wp-content/uploads/2025/05/04_IMG_20240627_234147-1-768x764.jpg 768w, https://diekunststation.de/wp-content/uploads/2025/05/04_IMG_20240627_234147-1-1536x1529.jpg 1536w, https://diekunststation.de/wp-content/uploads/2025/05/04_IMG_20240627_234147-1-676x673.jpg 676w, https://diekunststation.de/wp-content/uploads/2025/05/04_IMG_20240627_234147-1.jpg 1854w" sizes="(max-width: 1024px) 100vw, 1024px" /></figure>



<figure class="wp-block-image size-large"><img decoding="async" loading="lazy" width="1024" height="1016" data-id="1757"  src="https://diekunststation.de/wp-content/uploads/2025/05/06_IMG_20230512_172225_120-1-1024x1016.jpg" alt="" class="wp-image-1757" srcset="https://diekunststation.de/wp-content/uploads/2025/05/06_IMG_20230512_172225_120-1-1024x1016.jpg 1024w, https://diekunststation.de/wp-content/uploads/2025/05/06_IMG_20230512_172225_120-1-300x298.jpg 300w, https://diekunststation.de/wp-content/uploads/2025/05/06_IMG_20230512_172225_120-1-150x150.jpg 150w, https://diekunststation.de/wp-content/uploads/2025/05/06_IMG_20230512_172225_120-1-768x762.jpg 768w, https://diekunststation.de/wp-content/uploads/2025/05/06_IMG_20230512_172225_120-1-1536x1524.jpg 1536w, https://diekunststation.de/wp-content/uploads/2025/05/06_IMG_20230512_172225_120-1-676x671.jpg 676w, https://diekunststation.de/wp-content/uploads/2025/05/06_IMG_20230512_172225_120-1.jpg 1780w" sizes="(max-width: 1024px) 100vw, 1024px" /></figure>
</figure>

<p>Kontakt: gudrun.wegener@t-online.de Instagram: #gu.wegener Meine Arbeiten der letzten Jahre sind überwiegend abstrakt oder abstrahierend; mich beschäftigen Kompositionen, die Farben, Flächen, Linien und Ebenen im Bild in ein hoffentlich spannendes Miteinander bringen &#8211; immer mit dem Ziel etwas schaffen, das die Seele erfreut. Die kleineren Papierarbeiten sind oft von der Natur inspiriert. Ich arbeite überwiegend mit [&hellip;]</p>
